he prime factors of 516.
2, 3, 43
What are the prime factors of 22602?
2, 3, 3767
What are the prime factors of 85515?
3, 5, 5701
List the prime factors of 13911.
3, 4637
List the prime factors of 2839.
17, 167
List the prime factors of 1872.
2, 3, 13
List the prime factors of 31572.
2, 3, 877
What are the prime factors of 33587?
33587
List the prime factors of 605.
5, 11
List the prime factors of 146.
2, 73
What are the prime factors of 32280?
2, 3, 5, 269
What are the prime factors of 2820?
2, 3, 5, 47
What are the prime factors of 4122?
2, 3, 229
List the prime factors of 108511.
13, 17, 491
What are the prime factors of 2843?
2843
List the prime factors of 126105.
3, 5, 7, 1201
List the prime factors of 7084.
2, 7, 11, 23
List the prime factors of 4775.
5, 191
What are the prime factors of 1329?
3, 443
List the prime factors of 89859.
3, 7, 11, 389
What are the prime factors of 95670?
2, 3, 5, 1063
What are the prime factors of 6898?
2, 3449
What are the prime factors of 22895?
5, 19, 241
List the prime factors of 8582.
2, 7, 613
List the prime factors of 2207.
2207
What are the prime factors of 2249?
13, 173
List the prime factors of 628.
2, 157
What are the prime factors of 592?
2, 37
What are the prime factors of 18804?
2, 3, 1567
What are the prime factors of 699?
3, 233
What are the prime factors of 3269?
7, 467
What are the prime factors of 7804?
2, 1951
List the prime factors of 21142.
2, 11, 31
List the prime factors of 1583.
1583
List the prime factors of 757.
757
List the prime factors of 5880.
2, 3, 5, 7
What are the prime factors of 6655?
5, 11
List the prime factors of 3885.
3, 5, 7, 37
What are the prime factors of 2131?
2131
What are the prime factors of 80842?
2, 83, 487
List the prime factors of 52698.
2, 3, 8783
List the prime factors of 650.
2, 5, 13
List the prime factors of 10149.
3, 17, 199
List the prime factors of 2965.
5, 593
List the prime factors of 3474.
2, 3, 193
List the prime factors of 128.
2
List the prime factors of 4015.
5, 11, 73
What are the prime factors of 1391?
13, 107
What are the prime factors of 1367?
1367
List the prime factors of 63866.
2, 11, 2903
What are the prime factors of 147029?
147029
List the prime factors of 19530.
2, 3, 5, 7, 31
What are the prime factors of 1126?
2, 563
What are the prime factors of 8944?
2, 13, 43
What are the prime factors of 4904?
2, 613
List the prime factors of 12335.
5, 2467
List the prime factors of 1063.
1063
List the prime factors of 165472.
2, 5171
List the prime factors of 109320.
2, 3, 5, 911
What are the prime factors of 89527?
89527
List the prime factors of 5434.
2, 11, 13, 19
What are the prime factors of 699?
3, 233
What are the prime factors of 94210?
2, 5, 9421
What are the prime factors of 707?
7, 101
What are the prime factors of 1257?
3, 419
List the prime factors of 7014.
2, 3, 7, 167
List the prime factors of 1887.
3, 17, 37
List the prime factors of 158214.
2, 3, 7, 3767
List the prime factors of 66433.
31, 2143
List the prime factors of 22.
2, 11
List the prime factors of 7733.
11, 19, 37
What are the prime factors of 20262?
2, 3, 11, 307
List the prime factors of 3478.
2, 37, 47
What are the prime factors of 12256?
2, 383
What are the prime factors of 7309?
7309
List the prime factors of 2767.
2767
What are the prime factors of 919?
919
What are the prime factors of 3478?
2, 37, 47
What are the prime factors of 1025?
5, 41
What are the prime factors of 7192?
2, 29, 31
List the prime factors of 83.
83
What are the prime factors of 31515?
3, 5, 11, 191
What are the prime factors of 11980?
2, 5, 599
What are the prime factors of 66814?
2, 11, 3037
What are the prime factors of 18916?
2, 4729
List the prime factors of 5235.
3, 5, 349
What are the prime factors of 21682?
2, 37, 293
What are the prime factors of 27958?
2, 7, 1997
What are the prime factors of 1005?
3, 5, 67
List the prime factors of 1948.
2, 487
List the prime factors of 1248.
2, 3, 13
What are the prime factors of 124086?
2, 3, 20681
List the prime factors of 2092.
2, 523
List the prime factors of 8100.
2, 3, 5
List the prime factors of 1343.
17, 79
List the prime factors of 1775.
5, 71
List the prime factors of 1103.
1103
What are the prime factors of 11309?
43, 263
List the prime factors of 31218.
2, 3, 11, 43
List the prime factors of 9400.
2, 5, 47
What are the prime factors of 12744?
2, 3, 59
What are the prime factors of 16108?
2, 4027
List the prime factors of 1116.
2, 3, 31
What are the prime factors of 7787?
13, 599
What are the prime factors of 237?
3, 79
List the prime factors of 688.
2, 43
What are the prime factors of 803?
11, 73
List the prime factors of 5348.
2, 7, 191
List the prime factors of 567.
3, 7
List the prime factors of 28333.
29, 977
What are the prime factors of 30413?
17, 1789
What are the prime factors of 65129?
65129
List the prime factors of 9434.
2, 53, 89
What are the prime factors of 1092?
2, 3, 7, 13
What are the prime factors of 6635?
5, 1327
List the prime factors of 66193.
37, 1789
List the prime factors of 389.
389
What are the prime factors of 1150?
2, 5, 23
List the prime factors of 1639.
11, 149
What are the prime factors of 55236?
2, 3, 4603
List the prime factors of 40.
2, 5
List the prime factors of 1833.
3, 13, 47
What are the prime factors of 5655?
3, 5, 13, 29
List the prime factors of 6415.
5, 1283
List the prime factors of 886.
2, 443
What are the prime factors of 249?
3, 83
What are the prime factors of 5862?
2, 3, 977
List the prime factors of 1728.
2, 3
What are the prime factors of 15878?
2, 17, 467
What are the prime factors of 86583?
3, 7, 19, 31
List the prime factors of 10363.
43, 241
What are the prime factors of 4752?
2, 3, 11
What are the prime factors of 24114?
2, 3, 4019
List the prime factors of 91724.
2, 23, 997
List the prime factors of 53307.
3, 5923
What are the prime factors of 50723?
50723
What are the prime factors of 10268?
2, 17, 151
What are the prime factors of 44647?
44647
What are the prime factors of 107965?
5, 11, 13, 151
List the prime factors of 20076.
2, 3, 7, 239
What are the prime factors of 3101?
7, 443
What are the prime factors of 104058?
2, 3, 41, 47
What are the prime factors of 7200?
2, 3, 5
What are the prime factors of 2069?
2069
List the prime factors of 709.
709
List the prime factors of 60528.
2, 3, 13, 97
List the prime factors of 19038.
2, 3, 19, 167
What are the prime factors of 27145?
5, 61, 89
List the prime factors of 5390.
2, 5, 7, 11
What are the prime factors of 76926?
2, 3, 12821
What are the prime factors of 1867?
1867
List the prime factors of 1915.
5, 383
What are the prime factors of 49355?
5, 9871
List the prime factors of 429.
3, 11, 13
List the prime factors of 46316.
2, 11579
What are the prime factors of 22828?
2, 13, 439
What are the prime factors of 10110?
2, 3, 5, 337
List the prime factors of 122271.
3, 53, 769
What are the prime factors of 35478?
2, 3, 73
List the prime factors of 29021.
29021
What are the prime factors of 83604?
2, 3, 6967
List the prime factors of 1006.
2, 503
List the prime factors of 1448.
2, 181
What are the prime factors of 50324?
2, 23, 547
List the prime factors of 160687.
160687
List the prime factors of 16259.
71, 229
List the prime factors of 773.
773
What are the prime factors of 1049?
1049
What are the prime factors of 27381?
3, 9127
List the prime factors of 16220.
2, 5, 811
List the prime factors of 4342.
2, 13, 167
What are the prime factors of 337?
337
What are the prime factors of 1239?
3, 7, 59
List the prime factors of 3712.
2, 29
What are the prime factors of 1774?
2, 887
List the prime factors of 462.
2, 3, 7, 11
What are the prime factors of 3341?
13, 257
What are the prime factors of 211?
211
List the prime factors of 197.
197
List the prime factors of 6858.
2, 3, 127
List the prime factors of 1895.
5, 379
What are the prime factors of 32930?
2, 5, 37, 89
What are the prime factors of 5308?
2, 1327
List the prime factors of 4928.
2, 7, 11
What are the prime factors of 6807?
3, 2269
List the prime factors of 4191.
3, 11, 127
List the prime factors of 4713.
3, 1571
List the prime factors of 5365.
5, 29, 37
What are the prime factors of 6199?
6199
What are the prime factors of 1199?
11, 109
What are the prime factors of